{"id":1306,"date":"2019-01-23T06:31:31","date_gmt":"2019-01-23T06:31:31","guid":{"rendered":"http:\/\/moica.com.ar\/index.php\/about-us\/"},"modified":"2025-02-11T20:41:32","modified_gmt":"2025-02-11T20:41:32","slug":"about-us","status":"publish","type":"page","link":"https:\/\/www.moicca.com.ar\/index.php\/about-us\/","title":{"rendered":"Preguntas frecuentes"},"content":{"rendered":"\t\t<div data-elementor-type=\"wp-post\" data-elementor-id=\"1306\" class=\"elementor elementor-1306\">\n\t\t\t\t\t\t<section class=\"elementor-section elementor-top-section elementor-element elementor-element-6ccdc95 elementor-section-content-middle elementor-section-boxed elementor-section-height-default elementor-section-height-default\" data-id=\"6ccdc95\" data-element_type=\"section\" data-e-type=\"section\" data-settings=\"{&quot;background_background&quot;:&quot;classic&quot;}\">\n\t\t\t\t\t\t\t<div class=\"elementor-background-overlay\"><\/div>\n\t\t\t\t\t\t\t<div class=\"elementor-container elementor-column-gap-no\">\n\t\t\t\t\t<div class=\"elementor-column elementor-col-100 elementor-top-column elementor-element elementor-element-4f6adc0\" data-id=\"4f6adc0\" data-element_type=\"column\" data-e-type=\"column\">\n\t\t\t<div class=\"elementor-widget-wrap elementor-element-populated\">\n\t\t\t\t\t\t<div class=\"elementor-element elementor-element-179c706 elementor-widget__width-initial elementor-absolute elementor-widget elementor-widget-heading\" data-id=\"179c706\" data-element_type=\"widget\" data-e-type=\"widget\" data-settings=\"{&quot;_position&quot;:&quot;absolute&quot;}\" data-widget_type=\"heading.default\">\n\t\t\t\t<div class=\"elementor-widget-container\">\n\t\t\t\t\t<p class=\"elementor-heading-title elementor-size-medium\">Preguntas <br>Frecuentes<\/p>\t\t\t\t<\/div>\n\t\t\t\t<\/div>\n\t\t\t\t\t<\/div>\n\t\t<\/div>\n\t\t\t\t\t<\/div>\n\t\t<\/section>\n\t\t\t\t<section class=\"elementor-section elementor-top-section elementor-element elementor-element-482adda elementor-section-boxed elementor-section-height-default elementor-section-height-default\" data-id=\"482adda\" data-element_type=\"section\" data-e-type=\"section\">\n\t\t\t\t\t\t<div class=\"elementor-container elementor-column-gap-default\">\n\t\t\t\t\t<div class=\"elementor-column elementor-col-100 elementor-top-column elementor-element elementor-element-d052973\" data-id=\"d052973\" data-element_type=\"column\" data-e-type=\"column\">\n\t\t\t<div class=\"elementor-widget-wrap elementor-element-populated\">\n\t\t\t\t\t\t<div class=\"elementor-element elementor-element-16aa151 elementor-widget elementor-widget-heading\" data-id=\"16aa151\" data-element_type=\"widget\" data-e-type=\"widget\" data-widget_type=\"heading.default\">\n\t\t\t\t<div class=\"elementor-widget-container\">\n\t\t\t\t\t<h3 class=\"elementor-heading-title elementor-size-default\">Se puede lavar en lavarropas?<\/h3>\t\t\t\t<\/div>\n\t\t\t\t<\/div>\n\t\t\t\t<div class=\"elementor-element elementor-element-5d732b3 elementor-widget elementor-widget-text-editor\" data-id=\"5d732b3\" data-element_type=\"widget\" data-e-type=\"widget\" data-widget_type=\"text-editor.default\">\n\t\t\t\t<div class=\"elementor-widget-container\">\n\t\t\t\t\t\t\t\t\t<p>Si! Todos nuestros productos se lavan enteros en lavarropas, logrando que los rellenos no tomen olores indeseables y las telas se mantengan frescas.<\/p>\t\t\t\t\t\t\t\t<\/div>\n\t\t\t\t<\/div>\n\t\t\t\t\t<\/div>\n\t\t<\/div>\n\t\t\t\t\t<\/div>\n\t\t<\/section>\n\t\t\t\t<section class=\"elementor-section elementor-top-section elementor-element elementor-element-cc42d30 elementor-section-boxed elementor-section-height-default elementor-section-height-default\" data-id=\"cc42d30\" data-element_type=\"section\" data-e-type=\"section\">\n\t\t\t\t\t\t<div class=\"elementor-container elementor-column-gap-default\">\n\t\t\t\t\t<div class=\"elementor-column elementor-col-100 elementor-top-column elementor-element elementor-element-4ecd009\" data-id=\"4ecd009\" data-element_type=\"column\" data-e-type=\"column\">\n\t\t\t<div class=\"elementor-widget-wrap elementor-element-populated\">\n\t\t\t\t\t\t<div class=\"elementor-element elementor-element-2adc815 elementor-widget elementor-widget-heading\" data-id=\"2adc815\" data-element_type=\"widget\" data-e-type=\"widget\" data-widget_type=\"heading.default\">\n\t\t\t\t<div class=\"elementor-widget-container\">\n\t\t\t\t\t<h3 class=\"elementor-heading-title elementor-size-default\">Como son los env\u00edos?<\/h3>\t\t\t\t<\/div>\n\t\t\t\t<\/div>\n\t\t\t\t<div class=\"elementor-element elementor-element-9987a0a elementor-widget elementor-widget-text-editor\" data-id=\"9987a0a\" data-element_type=\"widget\" data-e-type=\"widget\" data-widget_type=\"text-editor.default\">\n\t\t\t\t<div class=\"elementor-widget-container\">\n\t\t\t\t\t\t\t\t\t<p>En CABA y GBA el env\u00edo es por motomensajeria. Al interior del pa\u00eds, por correo argentino.<\/p>\t\t\t\t\t\t\t\t<\/div>\n\t\t\t\t<\/div>\n\t\t\t\t\t<\/div>\n\t\t<\/div>\n\t\t\t\t\t<\/div>\n\t\t<\/section>\n\t\t\t\t<section class=\"elementor-section elementor-top-section elementor-element elementor-element-11e9fa4 elementor-section-boxed elementor-section-height-default elementor-section-height-default\" data-id=\"11e9fa4\" data-element_type=\"section\" data-e-type=\"section\">\n\t\t\t\t\t\t<div class=\"elementor-container elementor-column-gap-default\">\n\t\t\t\t\t<div class=\"elementor-column elementor-col-100 elementor-top-column elementor-element elementor-element-d8ef952\" data-id=\"d8ef952\" data-element_type=\"column\" data-e-type=\"column\">\n\t\t\t<div class=\"elementor-widget-wrap\">\n\t\t\t\t\t\t\t<\/div>\n\t\t<\/div>\n\t\t\t\t\t<\/div>\n\t\t<\/section>\n\t\t\t\t<section class=\"elementor-section elementor-top-section elementor-element elementor-element-3244438 elementor-section-boxed elementor-section-height-default elementor-section-height-default\" data-id=\"3244438\" data-element_type=\"section\" data-e-type=\"section\">\n\t\t\t\t\t\t<div class=\"elementor-container elementor-column-gap-default\">\n\t\t\t\t\t<div class=\"elementor-column elementor-col-100 elementor-top-column elementor-element elementor-element-4f7e8d3\" data-id=\"4f7e8d3\" data-element_type=\"column\" data-e-type=\"column\">\n\t\t\t<div class=\"elementor-widget-wrap elementor-element-populated\">\n\t\t\t\t\t\t<div class=\"elementor-element elementor-element-43cdd87 elementor-widget elementor-widget-heading\" data-id=\"43cdd87\" data-element_type=\"widget\" data-e-type=\"widget\" data-widget_type=\"heading.default\">\n\t\t\t\t<div class=\"elementor-widget-container\">\n\t\t\t\t\t<h3 class=\"elementor-heading-title elementor-size-default\">Como son los talles?<\/h3>\t\t\t\t<\/div>\n\t\t\t\t<\/div>\n\t\t\t\t\t<\/div>\n\t\t<\/div>\n\t\t\t\t\t<\/div>\n\t\t<\/section>\n\t\t\t\t<section class=\"elementor-section elementor-top-section elementor-element elementor-element-147d083 elementor-section-boxed elementor-section-height-default elementor-section-height-default\" data-id=\"147d083\" data-element_type=\"section\" data-e-type=\"section\">\n\t\t\t\t\t\t<div class=\"elementor-container elementor-column-gap-default\">\n\t\t\t\t\t<div class=\"elementor-column elementor-col-100 elementor-top-column elementor-element elementor-element-23f8e60\" data-id=\"23f8e60\" data-element_type=\"column\" data-e-type=\"column\">\n\t\t\t<div class=\"elementor-widget-wrap\">\n\t\t\t\t\t\t\t<\/div>\n\t\t<\/div>\n\t\t\t\t\t<\/div>\n\t\t<\/section>\n\t\t\t\t<section class=\"elementor-section elementor-top-section elementor-element elementor-element-a95a618 elementor-section-boxed elementor-section-height-default elementor-section-height-default\" data-id=\"a95a618\" data-element_type=\"section\" data-e-type=\"section\">\n\t\t\t\t\t\t<div class=\"elementor-container elementor-column-gap-default\">\n\t\t\t\t\t<div class=\"elementor-column elementor-col-100 elementor-top-column elementor-element elementor-element-3752fee\" data-id=\"3752fee\" data-element_type=\"column\" data-e-type=\"column\">\n\t\t\t<div class=\"elementor-widget-wrap elementor-element-populated\">\n\t\t\t\t\t\t<div class=\"elementor-element elementor-element-4a6e95f elementor-widget__width-initial elementor-widget elementor-widget-image\" data-id=\"4a6e95f\" data-element_type=\"widget\" data-e-type=\"widget\" data-widget_type=\"image.default\">\n\t\t\t\t<div class=\"elementor-widget-container\">\n\t\t\t\t\t\t\t\t\t\t\t\t\t\t\t<img fetchpriority=\"high\" decoding=\"async\" width=\"768\" height=\"768\" src=\"https:\/\/www.moicca.com.ar\/wp-content\/uploads\/2025\/02\/Picsart_23-09-05_13-46-39-418-768x768.jpg\" class=\"attachment-medium_large size-medium_large wp-image-3835\" alt=\"\" srcset=\"https:\/\/www.moicca.com.ar\/wp-content\/uploads\/2025\/02\/Picsart_23-09-05_13-46-39-418-768x768.jpg 768w, https:\/\/www.moicca.com.ar\/wp-content\/uploads\/2025\/02\/Picsart_23-09-05_13-46-39-418-300x300.jpg 300w, https:\/\/www.moicca.com.ar\/wp-content\/uploads\/2025\/02\/Picsart_23-09-05_13-46-39-418-1024x1024.jpg 1024w, https:\/\/www.moicca.com.ar\/wp-content\/uploads\/2025\/02\/Picsart_23-09-05_13-46-39-418-150x150.jpg 150w, https:\/\/www.moicca.com.ar\/wp-content\/uploads\/2025\/02\/Picsart_23-09-05_13-46-39-418-600x600.jpg 600w, https:\/\/www.moicca.com.ar\/wp-content\/uploads\/2025\/02\/Picsart_23-09-05_13-46-39-418-100x100.jpg 100w, https:\/\/www.moicca.com.ar\/wp-content\/uploads\/2025\/02\/Picsart_23-09-05_13-46-39-418-50x50.jpg 50w, https:\/\/www.moicca.com.ar\/wp-content\/uploads\/2025\/02\/Picsart_23-09-05_13-46-39-418.jpg 1080w\" sizes=\"(max-width: 768px) 100vw, 768px\" \/>\t\t\t\t\t\t\t\t\t\t\t\t\t\t\t<\/div>\n\t\t\t\t<\/div>\n\t\t\t\t\t<\/div>\n\t\t<\/div>\n\t\t\t\t\t<\/div>\n\t\t<\/section>\n\t\t\t\t<section class=\"elementor-section elementor-top-section elementor-element elementor-element-d222159 elementor-section-boxed elementor-section-height-default elementor-section-height-default\" data-id=\"d222159\" data-element_type=\"section\" data-e-type=\"section\">\n\t\t\t\t\t\t<div class=\"elementor-container elementor-column-gap-default\">\n\t\t\t\t\t<div class=\"elementor-column elementor-col-100 elementor-top-column elementor-element elementor-element-5994231\" data-id=\"5994231\" data-element_type=\"column\" data-e-type=\"column\">\n\t\t\t<div class=\"elementor-widget-wrap elementor-element-populated\">\n\t\t\t\t\t\t<div class=\"elementor-element elementor-element-0af268a elementor-widget elementor-widget-heading\" data-id=\"0af268a\" data-element_type=\"widget\" data-e-type=\"widget\" data-widget_type=\"heading.default\">\n\t\t\t\t<div class=\"elementor-widget-container\">\n\t\t\t\t\t<h3 class=\"elementor-heading-title elementor-size-default\">Se pueden hacer devoluciones?<\/h3>\t\t\t\t<\/div>\n\t\t\t\t<\/div>\n\t\t\t\t<div class=\"elementor-element elementor-element-a3e717e elementor-widget elementor-widget-text-editor\" data-id=\"a3e717e\" data-element_type=\"widget\" data-e-type=\"widget\" data-widget_type=\"text-editor.default\">\n\t\t\t\t<div class=\"elementor-widget-container\">\n\t\t\t\t\t\t\t\t\t<p>Si ten\u00e9s alg\u00fan problema con el producto no dudes en comunicarte con nosotros.\u00a0<span style=\"font-style: inherit; font-weight: inherit; background-color: var(--ast-global-color-4); color: var(--ast-global-color-3);\">Las devoluciones o cambios s\u00f3lo pueden ser realizadas durante los 5 d\u00edas siguientes a la compra.\u00a0<\/span><span style=\"font-style: inherit; font-weight: inherit; background-color: var(--ast-global-color-4); color: var(--ast-global-color-3);\">Si devolv\u00e9s el producto, te devolvemos el importe una vez recibido y evaluado el estado del mismo. Los costos de env\u00edo que se hayan generado, corren por cuenta del comprador, no hay devoluci\u00f3n de los mismos. Podes acercar la devoluci\u00f3n o enviarla.<\/span><\/p><p>Si necesitas que retiremos el producto (CABA,GBA) el env\u00edo corre por cuenta del comprador.<\/p><p>Ponete en contacto a moiccamascotas@gmail.com por cualquier problema que pueda surgir o por nuestras redes sociales.<\/p>\t\t\t\t\t\t\t\t<\/div>\n\t\t\t\t<\/div>\n\t\t\t\t\t<\/div>\n\t\t<\/div>\n\t\t\t\t\t<\/div>\n\t\t<\/section>\n\t\t\t\t<section class=\"elementor-section elementor-top-section elementor-element elementor-element-043e495 elementor-section-boxed elementor-section-height-default elementor-section-height-default\" data-id=\"043e495\" data-element_type=\"section\" data-e-type=\"section\">\n\t\t\t\t\t\t<div class=\"elementor-container elementor-column-gap-default\">\n\t\t\t\t\t<div class=\"elementor-column elementor-col-100 elementor-top-column elementor-element elementor-element-9495caf\" data-id=\"9495caf\" data-element_type=\"column\" data-e-type=\"column\">\n\t\t\t<div class=\"elementor-widget-wrap elementor-element-populated\">\n\t\t\t\t\t\t<div class=\"elementor-element elementor-element-c85cb16 elementor-widget elementor-widget-heading\" data-id=\"c85cb16\" data-element_type=\"widget\" data-e-type=\"widget\" data-widget_type=\"heading.default\">\n\t\t\t\t<div class=\"elementor-widget-container\">\n\t\t\t\t\t<h3 class=\"elementor-heading-title elementor-size-default\">Hacen venta mayorista?<\/h3>\t\t\t\t<\/div>\n\t\t\t\t<\/div>\n\t\t\t\t<div class=\"elementor-element elementor-element-5cee000 elementor-widget elementor-widget-text-editor\" data-id=\"5cee000\" data-element_type=\"widget\" data-e-type=\"widget\" data-widget_type=\"text-editor.default\">\n\t\t\t\t<div class=\"elementor-widget-container\">\n\t\t\t\t\t\t\t\t\t<p>SI! Comunicate por WhatsApp y te pasamos mas informaci\u00f3n!<\/p>\t\t\t\t\t\t\t\t<\/div>\n\t\t\t\t<\/div>\n\t\t\t\t\t<\/div>\n\t\t<\/div>\n\t\t\t\t\t<\/div>\n\t\t<\/section>\n\t\t\t\t<\/div>\n\t\t","protected":false},"excerpt":{"rendered":"<p>Preguntas Frecuentes Se puede lavar en lavarropas? Si! Todos nuestros productos se lavan enteros en lavarropas, logrando que los rellenos no tomen olores indeseables y las telas se mantengan frescas. Como son los env\u00edos? En CABA y GBA el env\u00edo es por motomensajeria. Al interior del pa\u00eds, por correo argentino. Como son los talles? Se [&hellip;]<\/p>\n","protected":false},"author":1,"featured_media":0,"parent":0,"menu_order":0,"comment_status":"closed","ping_status":"closed","template":"","meta":{"site-sidebar-layout":"no-sidebar","site-content-layout":"page-builder","ast-site-content-layout":"default","site-content-style":"default","site-sidebar-style":"default","ast-global-header-display":"","ast-banner-title-visibility":"","ast-main-header-display":"","ast-hfb-above-header-display":"","ast-hfb-below-header-display":"","ast-hfb-mobile-header-display":"","site-post-title":"disabled","ast-breadcrumbs-content":"","ast-featured-img":"disabled","footer-sml-layout":"","ast-disable-related-posts":"","theme-transparent-header-meta":"disabled","adv-header-id-meta":"","stick-header-meta":"","header-above-stick-meta":"","header-main-stick-meta":"","header-below-stick-meta":"","astra-migrate-meta-layouts":"default","ast-page-background-enabled":"default","ast-page-background-meta":{"desktop":{"background-color":"","background-image":"","background-repeat":"repeat","background-position":"center center","background-size":"auto","background-attachment":"scroll","background-type":"","background-media":"","overlay-type":"","overlay-color":"","overlay-opacity":"","overlay-gradient":""},"tablet":{"background-color":"","background-image":"","background-repeat":"repeat","background-position":"center center","background-size":"auto","background-attachment":"scroll","background-type":"","background-media":"","overlay-type":"","overlay-color":"","overlay-opacity":"","overlay-gradient":""},"mobile":{"background-color":"","background-image":"","background-repeat":"repeat","background-position":"center center","background-size":"auto","background-attachment":"scroll","background-type":"","background-media":"","overlay-type":"","overlay-color":"","overlay-opacity":"","overlay-gradient":""}},"ast-content-background-meta":{"desktop":{"background-color":"var(--ast-global-color-5)","background-image":"","background-repeat":"repeat","background-position":"center center","background-size":"auto","background-attachment":"scroll","background-type":"","background-media":"","overlay-type":"","overlay-color":"","overlay-opacity":"","overlay-gradient":""},"tablet":{"background-color":"var(--ast-global-color-5)","background-image":"","background-repeat":"repeat","background-position":"center center","background-size":"auto","background-attachment":"scroll","background-type":"","background-media":"","overlay-type":"","overlay-color":"","overlay-opacity":"","overlay-gradient":""},"mobile":{"background-color":"var(--ast-global-color-5)","background-image":"","background-repeat":"repeat","background-position":"center center","background-size":"auto","background-attachment":"scroll","background-type":"","background-media":"","overlay-type":"","overlay-color":"","overlay-opacity":"","overlay-gradient":""}},"footnotes":""},"class_list":["post-1306","page","type-page","status-publish","hentry"],"yoast_head":"<!-- This site is optimized with the Yoast SEO plugin v27.3 - https:\/\/yoast.com\/product\/yoast-seo-wordpress\/ -->\n<title>Preguntas frecuentes - Moicca Mascotas<\/title>\n<meta name=\"robots\" content=\"index, nofollow, max-snippet:-1, max-image-preview:large, max-video-preview:-1\" \/>\n<link rel=\"canonical\" href=\"https:\/\/www.moicca.com.ar\/index.php\/about-us\/\" \/>\n<meta property=\"og:locale\" content=\"es_ES\" \/>\n<meta property=\"og:type\" content=\"article\" \/>\n<meta property=\"og:title\" content=\"Preguntas frecuentes - Moicca Mascotas\" \/>\n<meta property=\"og:description\" content=\"Preguntas Frecuentes Se puede lavar en lavarropas? Si! Todos nuestros productos se lavan enteros en lavarropas, logrando que los rellenos no tomen olores indeseables y las telas se mantengan frescas. Como son los env\u00edos? En CABA y GBA el env\u00edo es por motomensajeria. Al interior del pa\u00eds, por correo argentino. Como son los talles? Se [&hellip;]\" \/>\n<meta property=\"og:url\" content=\"https:\/\/www.moicca.com.ar\/index.php\/about-us\/\" \/>\n<meta property=\"og:site_name\" content=\"Moicca Mascotas\" \/>\n<meta property=\"article:modified_time\" content=\"2025-02-11T20:41:32+00:00\" \/>\n<meta property=\"og:image\" content=\"https:\/\/www.moicca.com.ar\/wp-content\/uploads\/2025\/02\/Picsart_23-09-05_13-46-39-418.jpg\" \/>\n\t<meta property=\"og:image:width\" content=\"1080\" \/>\n\t<meta property=\"og:image:height\" content=\"1080\" \/>\n\t<meta property=\"og:image:type\" content=\"image\/jpeg\" \/>\n<meta name=\"twitter:card\" content=\"summary_large_image\" \/>\n<meta name=\"twitter:label1\" content=\"Tiempo de lectura\" \/>\n\t<meta name=\"twitter:data1\" content=\"1 minuto\" \/>\n<script type=\"application\/ld+json\" class=\"yoast-schema-graph\">{\"@context\":\"https:\\\/\\\/schema.org\",\"@graph\":[{\"@type\":\"WebPage\",\"@id\":\"https:\\\/\\\/www.moicca.com.ar\\\/index.php\\\/about-us\\\/\",\"url\":\"https:\\\/\\\/www.moicca.com.ar\\\/index.php\\\/about-us\\\/\",\"name\":\"Preguntas frecuentes - Moicca Mascotas\",\"isPartOf\":{\"@id\":\"https:\\\/\\\/www.moicca.com.ar\\\/#website\"},\"primaryImageOfPage\":{\"@id\":\"https:\\\/\\\/www.moicca.com.ar\\\/index.php\\\/about-us\\\/#primaryimage\"},\"image\":{\"@id\":\"https:\\\/\\\/www.moicca.com.ar\\\/index.php\\\/about-us\\\/#primaryimage\"},\"thumbnailUrl\":\"https:\\\/\\\/www.moicca.com.ar\\\/wp-content\\\/uploads\\\/2025\\\/02\\\/Picsart_23-09-05_13-46-39-418-768x768.jpg\",\"datePublished\":\"2019-01-23T06:31:31+00:00\",\"dateModified\":\"2025-02-11T20:41:32+00:00\",\"breadcrumb\":{\"@id\":\"https:\\\/\\\/www.moicca.com.ar\\\/index.php\\\/about-us\\\/#breadcrumb\"},\"inLanguage\":\"es\",\"potentialAction\":[{\"@type\":\"ReadAction\",\"target\":[\"https:\\\/\\\/www.moicca.com.ar\\\/index.php\\\/about-us\\\/\"]}]},{\"@type\":\"ImageObject\",\"inLanguage\":\"es\",\"@id\":\"https:\\\/\\\/www.moicca.com.ar\\\/index.php\\\/about-us\\\/#primaryimage\",\"url\":\"https:\\\/\\\/www.moicca.com.ar\\\/wp-content\\\/uploads\\\/2025\\\/02\\\/Picsart_23-09-05_13-46-39-418.jpg\",\"contentUrl\":\"https:\\\/\\\/www.moicca.com.ar\\\/wp-content\\\/uploads\\\/2025\\\/02\\\/Picsart_23-09-05_13-46-39-418.jpg\",\"width\":1080,\"height\":1080,\"caption\":\"{\\\"remix_data\\\":[],\\\"source_tags\\\":[],\\\"origin\\\":\\\"unknown\\\",\\\"total_draw_time\\\":0,\\\"total_draw_actions\\\":0,\\\"layers_used\\\":0,\\\"brushes_used\\\":0,\\\"photos_added\\\":0,\\\"total_editor_actions\\\":{},\\\"tools_used\\\":{},\\\"is_sticker\\\":false,\\\"edited_since_last_sticker_save\\\":false,\\\"containsFTESticker\\\":false}\"},{\"@type\":\"BreadcrumbList\",\"@id\":\"https:\\\/\\\/www.moicca.com.ar\\\/index.php\\\/about-us\\\/#breadcrumb\",\"itemListElement\":[{\"@type\":\"ListItem\",\"position\":1,\"name\":\"Portada\",\"item\":\"https:\\\/\\\/www.moicca.com.ar\\\/\"},{\"@type\":\"ListItem\",\"position\":2,\"name\":\"Preguntas frecuentes\"}]},{\"@type\":\"WebSite\",\"@id\":\"https:\\\/\\\/www.moicca.com.ar\\\/#website\",\"url\":\"https:\\\/\\\/www.moicca.com.ar\\\/\",\"name\":\"Moicca Mascotas\",\"description\":\"Accesorios para mascotas\",\"publisher\":{\"@id\":\"https:\\\/\\\/www.moicca.com.ar\\\/#organization\"},\"potentialAction\":[{\"@type\":\"SearchAction\",\"target\":{\"@type\":\"EntryPoint\",\"urlTemplate\":\"https:\\\/\\\/www.moicca.com.ar\\\/?s={search_term_string}\"},\"query-input\":{\"@type\":\"PropertyValueSpecification\",\"valueRequired\":true,\"valueName\":\"search_term_string\"}}],\"inLanguage\":\"es\"},{\"@type\":\"Organization\",\"@id\":\"https:\\\/\\\/www.moicca.com.ar\\\/#organization\",\"name\":\"Moicca Mascotas\",\"url\":\"https:\\\/\\\/www.moicca.com.ar\\\/\",\"logo\":{\"@type\":\"ImageObject\",\"inLanguage\":\"es\",\"@id\":\"https:\\\/\\\/www.moicca.com.ar\\\/#\\\/schema\\\/logo\\\/image\\\/\",\"url\":\"https:\\\/\\\/www.moicca.com.ar\\\/wp-content\\\/uploads\\\/2023\\\/07\\\/cropped-Picsart_23-07-22_14-00-20-313-1-scaled-1.jpg\",\"contentUrl\":\"https:\\\/\\\/www.moicca.com.ar\\\/wp-content\\\/uploads\\\/2023\\\/07\\\/cropped-Picsart_23-07-22_14-00-20-313-1-scaled-1.jpg\",\"width\":512,\"height\":512,\"caption\":\"Moicca Mascotas\"},\"image\":{\"@id\":\"https:\\\/\\\/www.moicca.com.ar\\\/#\\\/schema\\\/logo\\\/image\\\/\"},\"sameAs\":[\"https:\\\/\\\/www.instagram.com\\\/moicca.mascotas\\\/?hl=es\"]}]}<\/script>\n<!-- \/ Yoast SEO plugin. -->","yoast_head_json":{"title":"Preguntas frecuentes - Moicca Mascotas","robots":{"index":"index","follow":"nofollow","max-snippet":"max-snippet:-1","max-image-preview":"max-image-preview:large","max-video-preview":"max-video-preview:-1"},"canonical":"https:\/\/www.moicca.com.ar\/index.php\/about-us\/","og_locale":"es_ES","og_type":"article","og_title":"Preguntas frecuentes - Moicca Mascotas","og_description":"Preguntas Frecuentes Se puede lavar en lavarropas? Si! Todos nuestros productos se lavan enteros en lavarropas, logrando que los rellenos no tomen olores indeseables y las telas se mantengan frescas. Como son los env\u00edos? En CABA y GBA el env\u00edo es por motomensajeria. Al interior del pa\u00eds, por correo argentino. Como son los talles? Se [&hellip;]","og_url":"https:\/\/www.moicca.com.ar\/index.php\/about-us\/","og_site_name":"Moicca Mascotas","article_modified_time":"2025-02-11T20:41:32+00:00","og_image":[{"width":1080,"height":1080,"url":"https:\/\/www.moicca.com.ar\/wp-content\/uploads\/2025\/02\/Picsart_23-09-05_13-46-39-418.jpg","type":"image\/jpeg"}],"twitter_card":"summary_large_image","twitter_misc":{"Tiempo de lectura":"1 minuto"},"schema":{"@context":"https:\/\/schema.org","@graph":[{"@type":"WebPage","@id":"https:\/\/www.moicca.com.ar\/index.php\/about-us\/","url":"https:\/\/www.moicca.com.ar\/index.php\/about-us\/","name":"Preguntas frecuentes - Moicca Mascotas","isPartOf":{"@id":"https:\/\/www.moicca.com.ar\/#website"},"primaryImageOfPage":{"@id":"https:\/\/www.moicca.com.ar\/index.php\/about-us\/#primaryimage"},"image":{"@id":"https:\/\/www.moicca.com.ar\/index.php\/about-us\/#primaryimage"},"thumbnailUrl":"https:\/\/www.moicca.com.ar\/wp-content\/uploads\/2025\/02\/Picsart_23-09-05_13-46-39-418-768x768.jpg","datePublished":"2019-01-23T06:31:31+00:00","dateModified":"2025-02-11T20:41:32+00:00","breadcrumb":{"@id":"https:\/\/www.moicca.com.ar\/index.php\/about-us\/#breadcrumb"},"inLanguage":"es","potentialAction":[{"@type":"ReadAction","target":["https:\/\/www.moicca.com.ar\/index.php\/about-us\/"]}]},{"@type":"ImageObject","inLanguage":"es","@id":"https:\/\/www.moicca.com.ar\/index.php\/about-us\/#primaryimage","url":"https:\/\/www.moicca.com.ar\/wp-content\/uploads\/2025\/02\/Picsart_23-09-05_13-46-39-418.jpg","contentUrl":"https:\/\/www.moicca.com.ar\/wp-content\/uploads\/2025\/02\/Picsart_23-09-05_13-46-39-418.jpg","width":1080,"height":1080,"caption":"{\"remix_data\":[],\"source_tags\":[],\"origin\":\"unknown\",\"total_draw_time\":0,\"total_draw_actions\":0,\"layers_used\":0,\"brushes_used\":0,\"photos_added\":0,\"total_editor_actions\":{},\"tools_used\":{},\"is_sticker\":false,\"edited_since_last_sticker_save\":false,\"containsFTESticker\":false}"},{"@type":"BreadcrumbList","@id":"https:\/\/www.moicca.com.ar\/index.php\/about-us\/#breadcrumb","itemListElement":[{"@type":"ListItem","position":1,"name":"Portada","item":"https:\/\/www.moicca.com.ar\/"},{"@type":"ListItem","position":2,"name":"Preguntas frecuentes"}]},{"@type":"WebSite","@id":"https:\/\/www.moicca.com.ar\/#website","url":"https:\/\/www.moicca.com.ar\/","name":"Moicca Mascotas","description":"Accesorios para mascotas","publisher":{"@id":"https:\/\/www.moicca.com.ar\/#organization"},"potentialAction":[{"@type":"SearchAction","target":{"@type":"EntryPoint","urlTemplate":"https:\/\/www.moicca.com.ar\/?s={search_term_string}"},"query-input":{"@type":"PropertyValueSpecification","valueRequired":true,"valueName":"search_term_string"}}],"inLanguage":"es"},{"@type":"Organization","@id":"https:\/\/www.moicca.com.ar\/#organization","name":"Moicca Mascotas","url":"https:\/\/www.moicca.com.ar\/","logo":{"@type":"ImageObject","inLanguage":"es","@id":"https:\/\/www.moicca.com.ar\/#\/schema\/logo\/image\/","url":"https:\/\/www.moicca.com.ar\/wp-content\/uploads\/2023\/07\/cropped-Picsart_23-07-22_14-00-20-313-1-scaled-1.jpg","contentUrl":"https:\/\/www.moicca.com.ar\/wp-content\/uploads\/2023\/07\/cropped-Picsart_23-07-22_14-00-20-313-1-scaled-1.jpg","width":512,"height":512,"caption":"Moicca Mascotas"},"image":{"@id":"https:\/\/www.moicca.com.ar\/#\/schema\/logo\/image\/"},"sameAs":["https:\/\/www.instagram.com\/moicca.mascotas\/?hl=es"]}]}},"_links":{"self":[{"href":"https:\/\/www.moicca.com.ar\/index.php\/wp-json\/wp\/v2\/pages\/1306","targetHints":{"allow":["GET"]}}],"collection":[{"href":"https:\/\/www.moicca.com.ar\/index.php\/wp-json\/wp\/v2\/pages"}],"about":[{"href":"https:\/\/www.moicca.com.ar\/index.php\/wp-json\/wp\/v2\/types\/page"}],"author":[{"embeddable":true,"href":"https:\/\/www.moicca.com.ar\/index.php\/wp-json\/wp\/v2\/users\/1"}],"replies":[{"embeddable":true,"href":"https:\/\/www.moicca.com.ar\/index.php\/wp-json\/wp\/v2\/comments?post=1306"}],"version-history":[{"count":54,"href":"https:\/\/www.moicca.com.ar\/index.php\/wp-json\/wp\/v2\/pages\/1306\/revisions"}],"predecessor-version":[{"id":3838,"href":"https:\/\/www.moicca.com.ar\/index.php\/wp-json\/wp\/v2\/pages\/1306\/revisions\/3838"}],"wp:attachment":[{"href":"https:\/\/www.moicca.com.ar\/index.php\/wp-json\/wp\/v2\/media?parent=1306"}],"curies":[{"name":"wp","href":"https:\/\/api.w.org\/{rel}","templated":true}]}}